alculate the remainder when 5932 is divided by 1276.
828
What is the remainder when 57881728 is divided by 64?
0
Calculate the remainder when 6780552 is divided by 477.
474
What is the remainder when 626110 is divided by 8027?
4
What is the remainder when 3241859 is divided by 817?
3
Calculate the remainder when 229777 is divided by 28711.
89
Calculate the remainder when 214300 is divided by 362.
358
Calculate the remainder when 6093130 is divided by 19.
1
What is the remainder when 312340 is divided by 669?
586
Calculate the remainder when 170939606 is divided by 31.
26
Calculate the remainder when 8371701 is divided by 214.
21
Calculate the remainder when 34155162 is divided by 1983.
1953
Calculate the remainder when 270869 is divided by 42.
11
What is the remainder when 35176909 is divided by 197?
195
What is the remainder when 39636426 is divided by 849?
12
What is the remainder when 587990 is divided by 33?
29
Calculate the remainder when 1433603 is divided by 15.
8
Calculate the remainder when 437503 is divided by 29123.
658
Calculate the remainder when 5735001 is divided by 1911611.
168
What is the remainder when 790760 is divided by 263127?
1379
What is the remainder when 52629 is divided by 199?
93
What is the remainder when 3235317 is divided by 26?
7
Calculate the remainder when 180416 is divided by 30020.
296
What is the remainder when 8611916 is divided by 1453?
1438
Calculate the remainder when 1251822 is divided by 52.
26
Calculate the remainder when 2030813 is divided by 1015398.
17
Calculate the remainder when 83339413 is divided by 171.
169
What is the remainder when 322511 is divided by 2308?
1699
What is the remainder when 31842299 is divided by 10614088?
35
Calculate the remainder when 10921186 is divided by 79.
68
Calculate the remainder when 11655349 is divided by 2331067.
14
Calculate the remainder when 9855861 is divided by 108.
105
Calculate the remainder when 364367 is divided by 121408.
143
What is the remainder when 7570927 is divided by 688266?
1
What is the remainder when 538415 is divided by 1136?
1087
Calculate the remainder when 1365990 is divided by 455270.
180
What is the remainder when 25252 is divided by 12624?
4
Calculate the remainder when 245695 is divided by 2768.
2111
What is the remainder when 20981879 is divided by 433?
431
What is the remainder when 569478 is divided by 29894?
1492
Calculate the remainder when 29912088 is divided by 1248.
24
What is the remainder when 22396 is divided by 10221?
1954
Calculate the remainder when 32948581 is divided by 1704.
37
Calculate the remainder when 7776971 is divided by 22031.
28
Calculate the remainder when 104268 is divided by 26067.
0
Calculate the remainder when 1635665 is divided by 13745.
10
Calculate the remainder when 111948 is divided by 6976.
332
What is the remainder when 125568 is divided by 2024?
80
Calculate the remainder when 2015758 is divided by 124.
14
Calculate the remainder when 1870324 is divided by 629.
307
Calculate the remainder when 12716953 is divided by 4989.
4981
Calculate the remainder when 7651 is divided by 7123.
528
Calculate the remainder when 2151971 is divided by 642.
629
What is the remainder when 264022 is divided by 129609?
4804
What is the remainder when 11291734 is divided by 13906?
62
What is the remainder when 277005 is divided by 1897?
43
What is the remainder when 588660225 is divided by 49?
48
What is the remainder when 331558773 is divided by 888?
885
Calculate the remainder when 281805 is divided by 28169.
115
What is the remainder when 70076 is divided by 360?
236
What is the remainder when 246279 is divided by 5725?
104
What is the remainder when 122798150 is divided by 45?
35
Calculate the remainder when 80209280 is divided by 136.
16
Calculate the remainder when 3810229 is divided by 13.
7
Calculate the remainder when 2119997 is divided by 464.
445
Calculate the remainder when 7866938 is divided by 4211.
790
Calculate the remainder when 4693869 is divided by 147.
12
What is the remainder when 59006057 is divided by 12?
5
Calculate the remainder when 81980 is divided by 40826.
328
Calculate the remainder when 212945 is divided by 229.
204
What is the remainder when 530608 is divided by 230?
228
What is the remainder when 20447603 is divided by 2122?
11
What is the remainder when 3186419 is divided by 637279?
24
What is the remainder when 528767 is divided by 13558?
5
Calculate the remainder when 88807 is divided by 1057.
19
Calculate the remainder when 2535 is divided by 2098.
437
What is the remainder when 183505 is divided by 4936?
873
Calculate the remainder when 1629417 is divided by 868.
181
What is the remainder when 23228 is divided by 441?
296
What is the remainder when 305867 is divided by 6254?
5675
Calculate the remainder when 424249 is divided by 13507.
5532
What is the remainder when 102310 is divided by 101?
98
What is the remainder when 2516188 is divided by 185?
3
What is the remainder when 487428 is divided by 1350?
78
What is the remainder when 71923 is divided by 1356?
55
What is the remainder when 891883 is divided by 891795?
88
What is the remainder when 9946494 is divided by 6822?
18
What is the remainder when 249222837 is divided by 449?
448
What is the remainder when 7862656 is divided by 7862647?
9
What is the remainder when 4187283 is divided by 1277?
0
What is the remainder when 6707973 is divided by 75370?
43
What is the remainder when 168750408 is divided by 17?
10
What is the remainder when 5503580 is divided by 1879?
1868
What is the remainder when 39700900 is divided by 13233633?
1
Calculate the remainder when 3200564 is divided by 137.
107
Calculate the remainder when 1464446 is divided by 12.
2
Calculate the remainder when 21920241 is divided by 576848.
17
What is the remainder when 399769 is divided by 199679?
411
What is the remainder when 107337 is divided by 56?
41
What is the remainder when 3828704 is divided by 765737?
19
Calculate the remainder when 464043 is divided by 1983.
21
Calculate the remainder when 1251491 is divided by 208577.
29
Calculate the remainder when 249664 is divided by 49851.
409
Calculate the remainder when 2889201 is divided by 2889179.
22
What is the remainder when 86245 is divided by 12187?
936
Calculate the remainder when 7829705 is divided by 2609889.
38
Calculate the remainder when 276590 is divided by 3224.
2550
Calculate the remainder when 1204298 is divided by 5060.
18
What is the remainder when 4422772 is divided by 245709?
10
What is the remainder when 6674 is divided by 1708?
1550
Calculate the remainder when 324348 is divided by 5.
3
What is the remainder when 3880473 is divided by 1940213?
47
What is the remainder when 308926 is divided by 18?
10
Calculate the remainder when 2917888 is divided by 413.
43
Calculate the remainder when 64081 is divided by 7556.
3633
What is the remainder when 67167837 is divided by 143521?
9
What is the remainder when 4680956 is divided by 620?
576
What is the remainder when 18403285 is divided by 22?
21
Calculate the remainder when 47263468 is divided by 79972.
16
Calculate the remainder when 135087 is divided by 1197.
1023
What is the remainder when 14935140 is divided by 25?
15
Calculate the remainder when 476613 is divided by 8974.
991
Calculate the remainder when 15855164 is divided by 660630.
44
What is the remainder when 5380767 is divided by 82?
9
Calculate the remainder when 786729 is divided by 393335.
59
What is the remainder when 1981013 is divided by 61889?
565
Calculate the remainder when 2943786 is divided by 9620.
66
What is the remainder when 3245155 is divided by 874?
867
What is the remainder when 12099722 is divided by 3024897?
134
Calculate the remainder when 1390038249 is divided by 38.
35
What is the remainder when 2048570 is divided by 4322?
4264
Calculate the remainder when 904347 is divided by 557.
336
What is the remainder when 3736169 is divided by 30?
29
What is the remainder when 856654 is divided by 14?
8
What is the remainder when 456914 is divided by 65265?
59
Calculate the remainder when 172701 is divided by 252.
81
Calculate the remainder when 1170328 is divided by 27214.
126
Calculate the remainder when 415174 is divided by 5686.
96
What is the remainder when 28738